. Suppose j*h - 4*h = -26. List the prime factors of h.
13
Let c(l) be the third derivative of 0 + 0*l - 1/24*l**4 + l**2 - 1/3*l**3. List the prime factors of c(-5).
3
Suppose 0 = 4*v - 5*v. Suppose v = 2*x - 65 + 21. List the prime factors of x.
2, 11
Let z = 934 + -524. List the prime factors of z.
2, 5, 41
Suppose 2*t + 7 = -1, -5*t - 5 = 5*f. Suppose -d + 34 = -4*i, -3*d + 36 = -f*i - 84. What are the prime factors of d?
2, 3, 7
Suppose 2*s + 205 = 5*v - 3*s, -3*v - 3*s + 141 = 0. List the prime factors of v.
2, 11
Suppose 392 = 3*p - 103. What are the prime factors of p?
3, 5, 11
Let r(y) = -3*y + 1. Let x be 4/((-3)/3) - -1. Let n be r(x). Let m(o) = -o**3 + 9*o**2 + 11*o - 5. What are the prime factors of m(n)?
5
Suppose -4*d = -3*i + 14, 4*i - 16 = 2*d + 2*d. Let n(x) = x**3 + 4*x**2 + 2*x - 2. Let v be n(d). Let t = v + 10. What are the prime factors of t?
2, 3
Suppose -6 = 3*y, -4*f + 2*y + 16 = 6*y. Suppose -f = -d + 2. What are the prime factors of d?
2
Let t(b) = 4*b**2 + 9*b + 5. List the prime factors of t(-6).
5, 19
Suppose 7*x - 26 = 4*x + 5*t, -5*t = 3*x + 14. Suppose a - 5 = -x. What are the prime factors of a?
3
Suppose -3*j - 20 + 9 = -o, -5*o - 3*j + 1 = 0. Suppose -9 - 13 = -o*g. What are the prime factors of g?
11
Suppose 3 = 3*a - 33. Let n = a - 8. What are the prime factors of n?
2
Let k be -8 + 0*1/(-3). Let r = 6 + k. List the prime factors of 7 + (-1 + 1 - r).
3
Let o be 209/(-4) - ((-18)/8 + 2). Let t be (2 + 64)/(-2) + -1. Let z = t - o. List the prime factors of z.
2, 3
Let d(x) = 6*x**3 - 2*x**2 + 3*x - 3. List the prime factors of d(2).
43
Let a(w) = 5*w**2 - 6*w - 2. Let s(i) = -i**2 + i. Let r(y) = -a(y) - 6*s(y). Suppose -3*x = -x - 4. What are the prime factors of r(x)?
2, 3
Suppose 9 = 2*r + m, -2*m = -4*m + 6. Let b(j) = j + 4. Let n be b(0). Suppose 3*x - 61 - r = -5*p, -3*p - n*x = -45. What are the prime factors of p?
11
Let t = -11 - -66. What are the prime factors of t?
5, 11
Let c(z) = -41*z + 7. What are the prime factors of c(-2)?
89
Let p = 8 + 19. What are the prime factors of p?
3
Suppose 0 = 5*i - 5*a - 265, -a + 280 - 27 = 5*i. List the prime factors of i.
3, 17
Let m = 57 + 250. What are the prime factors of m?
307
Let j be 6/(-4) + 3/(-6). Let v be (0/(6/j))/(-1). Suppose v*c - 3*c - 5 = -i, 0 = -4*i + 3*c + 11. What are the prime factors of i?
2
Let h(b) = b**2 + 3*b + 3. Let l be h(-3). Suppose -l*m = m - 80. What are the prime factors of m?
2, 5
Let i(d) be the third derivative of -7*d**4/24 - d**3/2 + 7*d**2. What are the prime factors of i(-3)?
2, 3
Suppose -92 = -3*o - 4*c, -3*c - 21 = -3*o + 36. What are the prime factors of o?
2, 3
Let y(n) = 2*n**2 - n - 1. Let l be y(-2). Suppose -i - i - 3 = w, 3*w + l = 0. Suppose i = 2*a - 5*a + 9. What are the prime factors of a?
3
Let o(m) = -2*m - 5. Let p be o(-5). Suppose 4*g + 16 - 4 = 0. Let b = p - g. List the prime factors of b.
2
List the prime factors of 246/5 - 2/10.
7
Let y(m) = 4*m**2 + m**2 + m - 2 - 1 - 4*m**2. What are the prime factors of y(-3)?
3
Let l(p) = -5*p**2 + 2*p - 1. Let y(z) = -9*z**2 + 5*z - 2. Let h(j) = 5*l(j) - 3*y(j). Let t = -5 + 9. What are the prime factors of h(t)?
13
Suppose 0 = 41*m - 40*m - 94. List the prime factors of m.
2, 47
Let j = 129 + -9. What are the prime factors of j?
2, 3, 5
Let i be (77/28)/((-2)/(-16)). Suppose 5*j - 41 = d, 5*j + 2*d - i = 2*j. List the prime factors of j.
2
Let b(x) = x - 8. Let i be b(-7). What are the prime factors of (-4 + 24)*(-18)/i?
2, 3
Suppose 22 = -2*b + 80. List the prime factors of b.
29
Let w be 3/6 - 1/(-2). Let m be w/3 + (-71)/(-3). List the prime factors of 0 + (-5)/((-15)/m).
2
What are the prime factors of (-976)/(-24) + (-2)/3?
2, 5
Let d(v) = -5*v - 4. Suppose -1 = 2*j + 7. What are the prime factors of d(j)?
2
Let g be 41/(-4) - 6/(-24). Let w(y) = -y - 5. List the prime factors of w(g).
5
Suppose -w - 27 = -4*w. List the prime factors of w.
3
Suppose 6*a - 102 = 246. List the prime factors of a.
2, 29
Let f(q) = q + 1. Let o be f(5). List the prime factors of (o/(-5))/(2/(-5)).
3
Suppose 0 = -0*y + 3*y. Suppose -2*g + 12 + 0 = y. List the prime factors of g.
2, 3
Let t = 10 + 0. List the prime factors of t.
2, 5
Let t = -2 - -6. Suppose -4*p + 0*p - 8 = 0. List the prime factors of 3*3 - t/p.
11
Let c be 16/12*(-3)/(-2). Suppose -c*h + 26 = 5*f, 0 = 4*f + 3 - 11. List the prime factors of h.
2
Let o = -81 + 144. List the prime factors of o.
3, 7
Suppose 171 = 5*q - 59. List the prime factors of q.
2, 23
Let q be ((-1)/2)/((-5)/120). Suppose 4*k = v + q, -v + 2*k - 26 = -3*v. List the prime factors of v.
2
Let u(s) = -13*s - 3. What are the prime factors of u(-4)?
7
Suppose l + 4 = 3*l. Let g be 10/(-15)*9/l. Let k(y) = y**2 + 3. What are the prime factors of k(g)?
2, 3
Suppose -3 + 79 = 2*t. What are the prime factors of t?
2, 19
Suppose 3*w - 129 - 60 = 0. List the prime factors of w.
3, 7
Let k(a) = 31*a**3 - 3*a**2 + 5*a - 2. List the prime factors of k(1).
31
Suppose 0 = 3*v + 5*n - 26, 4*v - 2*n - 93 = 3*n. What are the prime factors of v?
17
Let u = -242 - -371. List the prime factors of u.
3, 43
Let s(o) = 43*o**2 + 5*o + 6. What are the prime factors of s(-2)?
2, 3, 7
Suppose -2*c + 33 = 3*r - 221, 0 = -r - 3*c + 80. Suppose r + 62 = 4*d. What are the prime factors of d?
37
Suppose 0 = -3*f - f + 36. Let j = -4 + f. What are the prime factors of j?
5
What are the prime factors of (-9 + 245/28)/((-1)/1108)?
277
Suppose -6*s = -8*s + 78. What are the prime factors of (-1)/6 - s/(-18)?
2
Let f = 54 + -32. Let n be (-2)/(-8) + (-115)/(-20). Suppose j + n = f. List the prime factors of j.
2
Suppose 3*d = 5*d - 4. Suppose -3*u + 78 = d*b, 3*b + 32 - 179 = 3*u. Suppose -2*q + 3*g = -25, -3*q + 2*g - 5 + b = 0. List the prime factors of q.
2, 7
Let b = 258 + -154. What are the prime factors of b?
2, 13
Let u(y) = -y**3 + 3*y**2 + 3*y - 1. Let k(x) = x**3 + 7*x**2. Let h be k(-7). Suppose h = -a + 2*a - 3. List the prime factors of u(a).
2
Suppose -2*o + 1 = -7. Let h = o + -7. What are the prime factors of 2*h/6*-5?
5
Suppose -9 = 3*f + 9. Let j = f + 32. What are the prime factors of j?
2, 13
Let v(q) be the second derivative of -q**4/12 - q**3 + q. List the prime factors of v(-5).
5
Let a be 6/10 - (-4)/10. Let g = a + 20. List the prime factors of g.
3, 7
Let t = -62 + 129. What are the prime factors of t?
67
Let z(r) = -r**2 - 8*r - 3. Let a(p) = 4*p**2 + p + 1. Let s be a(-1). Suppose -5*u - 3*h = -u + 30, -3*u - 10 = -s*h. What are the prime factors of z(u)?
3
Suppose -4*i + 2*d = 7*d - 12, -2*i + 12 = d. Suppose -2*x - 2*x = i. What are the prime factors of x*(-10)/4 + 1?
2, 3
Let i(c) = -c + 3. List the prime factors of i(-9).
2, 3
Suppose 7*i - 125 = 85. List the prime factors of i.
2, 3, 5
Let a = 171 - 8. List the prime factors of a.
163
Suppose -29 = 5*x - 654. List the prime factors of x.
5
Let g = -103 - -51. Let q = 78 + g. List the prime factors of q.
2, 13
Let u(l) be the third derivative of l**6/180 - l**5/60 - l**4/24 + l**2. Let s(v) be the second derivative of u(v). List the prime factors of s(3).
2, 5
Let a be 3 + 5/((-10)/(-4)). Suppose 5*y = -a*l - 45, 0 = -3*y + 1 + 2. What are the prime factors of (-32)/(-8)*l/(-8)?
5
Let h(m) = 42*m + 7. What are the prime factors of h(2)?
7, 13
Let g be -2 + (2*-8)/(-2). Let t(d) = -d**3 + 7*d**2 - 1. What are the prime factors of t(g)?
5, 7
Suppose -2*j + 4*j = -12. Let y(l) = -6*l**2 - 8*l + 6. Let f(o) = -5*o**2 - 7*o + 6. Let v(b) = -5*f(b) + 4*y(b). What are the prime factors of v(j)?
2, 3
What are the prime factors of (-39)/(-15) + -3 - (-1548)/20?
7, 11
Let g = 10 + -6. Let m be g - (-3)/9*0. Suppose m*u - 8 = 3*u. What are the prime factors of u?
2
Let i(n) = 5 - n**2 - 17 + 10 + 12*n. List the prime factors of i(5).
3, 11
Suppose 7*u - 2*u - 5 = 0. Suppose 0 = d - u + 5. Let f(s) = -3*s - 6. List the prime factors of f(d).
2, 3
Suppose -s = s + 102. Let u = 75 + s. What are the prime factors of u?
2, 3
Suppose 3*o - 24 = 2*t, -2*o = -3*o + 3*t + 15. What are the prime factors of o?
2, 3
Suppose -3*k = 3*x - 294, -x + 86 = 2*k - 7*k. What are the prime factors of x?
2, 3
Let d = -4 - -8. Suppose 0 = -d*b + 32 + 24. List the prime factors of b.
2, 7
Suppose -u = 4*u - 35. Su